{"id":275,"date":"2021-06-16T21:27:03","date_gmt":"2021-06-16T19:27:03","guid":{"rendered":"http:\/\/duszpasterstwopolskiewcork.ie\/?page_id=275"},"modified":"2024-10-01T15:43:01","modified_gmt":"2024-10-01T13:43:01","slug":"i-komunia-swieta","status":"publish","type":"page","link":"https:\/\/duszpasterstwopolskiewcork.ie\/index.php\/i-komunia-swieta\/","title":{"rendered":"I Komunia \u015awi\u0119ta"},"content":{"rendered":"\t\t<div data-elementor-type=\"wp-page\" data-elementor-id=\"275\" class=\"elementor elementor-275\">\n\t\t\t\t\t\t\t\t\t<section class=\"elementor-section elementor-top-section elementor-element elementor-element-f6eef3f elementor-section-boxed elementor-section-height-default elementor-section-height-default\" data-id=\"f6eef3f\" data-element_type=\"section\">\n\t\t\t\t\t\t<div class=\"elementor-container elementor-column-gap-default\">\n\t\t\t\t\t<div class=\"elementor-column elementor-col-100 elementor-top-column elementor-element elementor-element-cf5b9e3\" data-id=\"cf5b9e3\" data-element_type=\"column\">\n\t\t\t<div class=\"elementor-widget-wrap elementor-element-populated\">\n\t\t\t\t\t\t\t\t<div class=\"elementor-element elementor-element-ea8a272 elementor-widget elementor-widget-heading\" data-id=\"ea8a272\" data-element_type=\"widget\" data-widget_type=\"heading.default\">\n\t\t\t\t<div class=\"elementor-widget-container\">\n\t\t\t<h2 class=\"elementor-heading-title elementor-size-default\">PIERWSZA KOMUNIA \u015aWI\u0118TA<\/h2>\t\t<\/div>\n\t\t\t\t<\/div>\n\t\t\t\t\t<\/div>\n\t\t<\/div>\n\t\t\t\t\t\t\t<\/div>\n\t\t<\/section>\n\t\t\t\t<section class=\"elementor-section elementor-top-section elementor-element elementor-element-03c91cf elementor-section-boxed elementor-section-height-default elementor-section-height-default\" data-id=\"03c91cf\" data-element_type=\"section\">\n\t\t\t\t\t\t<div class=\"elementor-container elementor-column-gap-default\">\n\t\t\t\t\t<div class=\"elementor-column elementor-col-100 elementor-top-column elementor-element elementor-element-81389df\" data-id=\"81389df\" data-element_type=\"column\">\n\t\t\t<div class=\"elementor-widget-wrap elementor-element-populated\">\n\t\t\t\t\t\t\t\t<div class=\"elementor-element elementor-element-d402dcb elementor-widget elementor-widget-text-editor\" data-id=\"d402dcb\" data-element_type=\"widget\" data-widget_type=\"text-editor.default\">\n\t\t\t\t<div class=\"elementor-widget-container\">\n\t\t\t\t\t\t\t<p>&#8222;Ja jestem chlebem \u017cywym, kt\u00f3ry zst\u0105pi\u0142 z nieba. Je\u015bli kto spo\u017cywa ten chleb, b\u0119dzie \u017cy\u0142 na wieki&#8230; Kto spo\u017cywa moje Cia\u0142o i pije moj\u0105 Krew, ma \u017cycie wieczne&#8230; trwa we Mnie, a Ja w nim&#8221; (J 6, 51. 54. 56)<\/p><p><strong>Katechizm Ko\u015bcio\u0142a Katolickiego o I Komunii \u015awi\u0119tej (KKK 1392):<br \/><\/strong>Komunia \u015bwi\u0119ta w przedziwny spos\u00f3b dokonuje w naszym \u017cyciu duchowym tego, czego pokarm materialny w \u017cyciu cielesnym. Przyjmowanie w Komunii Cia\u0142a Chrystusa Zmartwychwsta\u0142ego, &#8222;o\u017cywionego i o\u017cywiaj\u0105cego Duchem \u015awi\u0119tym&#8221; (Sob\u00f3r Watyka\u0144ski II, dekret Presbyterorum ordinis, 5) podtrzymuje, pog\u0142\u0119bia i odnawia \u017cycie \u0142aski otrzymane na chrzcie. Wzrost \u017cycia chrze\u015bcija\u0144skiego potrzebuje pokarmu Komunii eucharystycznej, Chleba naszej pielgrzymki, a\u017c do chwili \u015bmierci, gdy zostanie nam udzielony jako Wiatyk.<\/p>\t\t\t\t\t\t<\/div>\n\t\t\t\t<\/div>\n\t\t\t\t\t<\/div>\n\t\t<\/div>\n\t\t\t\t\t\t\t<\/div>\n\t\t<\/section>\n\t\t\t\t<section class=\"elementor-section elementor-top-section elementor-element elementor-element-4acd920 elementor-section-boxed elementor-section-height-default elementor-section-height-default\" data-id=\"4acd920\" data-element_type=\"section\">\n\t\t\t\t\t\t<div class=\"elementor-container elementor-column-gap-default\">\n\t\t\t\t\t<div class=\"elementor-column elementor-col-100 elementor-top-column elementor-element elementor-element-5edb323\" data-id=\"5edb323\" data-element_type=\"column\">\n\t\t\t<div class=\"elementor-widget-wrap elementor-element-populated\">\n\t\t\t\t\t\t\t\t<div class=\"elementor-element elementor-element-d9f5ddf elementor-widget-divider--view-line elementor-widget elementor-widget-divider\" data-id=\"d9f5ddf\" data-element_type=\"widget\" data-widget_type=\"divider.default\">\n\t\t\t\t<div class=\"elementor-widget-container\">\n\t\t\t\t\t<div class=\"elementor-divider\">\n\t\t\t<span class=\"elementor-divider-separator\">\n\t\t\t\t\t\t<\/span>\n\t\t<\/div>\n\t\t\t\t<\/div>\n\t\t\t\t<\/div>\n\t\t\t\t\t<\/div>\n\t\t<\/div>\n\t\t\t\t\t\t\t<\/div>\n\t\t<\/section>\n\t\t\t\t<section class=\"elementor-section elementor-top-section elementor-element elementor-element-6041119 elementor-section-boxed elementor-section-height-default elementor-section-height-default\" data-id=\"6041119\" data-element_type=\"section\">\n\t\t\t\t\t\t<div class=\"elementor-container elementor-column-gap-default\">\n\t\t\t\t\t<div class=\"elementor-column elementor-col-100 elementor-top-column elementor-element elementor-element-6166ade\" data-id=\"6166ade\" data-element_type=\"column\">\n\t\t\t<div class=\"elementor-widget-wrap elementor-element-populated\">\n\t\t\t\t\t\t\t\t<div class=\"elementor-element elementor-element-e37d316 elementor-widget elementor-widget-text-editor\" data-id=\"e37d316\" data-element_type=\"widget\" data-widget_type=\"text-editor.default\">\n\t\t\t\t<div class=\"elementor-widget-container\">\n\t\t\t\t\t\t\t<p>Rodzice polskich dzieci w wieku komunijnym maj\u0105 do wyboru kilka opcji:<\/p><ol><li>dziecko uczestniczy w przygotowaniu w swojej szkole irlandzkiej i wraz ze swoimi r\u00f3wie\u015bnikami przyst\u0119puje do I komunii \u015bwi\u0119tej podczas uroczysto\u015bci w irlandzkiej parafii<\/li><li>dziecko uczestniczy w przygotowaniu w swojej szkole irlandzkiej, ucz\u0119szcza tak\u017ce na katechezy w j\u0119zyku polskim (prowadzone w Polskiej Szkole od stycznia do kwietnia dla dzieci z Polskiej Szko\u0142y oraz przy ko\u015bciele Ojc\u00f3w Augustian\u00f3w dla dzieci spoza Polskiej Szko\u0142y), a nast\u0119pnie przyst\u0119puje do I spowiedzi i I komunii \u015bwi\u0119tej podczas uroczysto\u015bci zorganizowanej przy Duszpasterstwie Polskim w Cork &#8211; przewa\u017cnie w pierwsz\u0105 niedziel\u0119 maja<\/li><li>dziecko uczestniczy w przygotowaniu w swojej szkole irlandzkiej, ucz\u0119szcza tak\u017ce na katechezy w j\u0119zyku polskim (prowadzone w Polskiej Szkole od stycznia do kwietnia dla dzieci z Polskiej Szko\u0142y oraz przy ko\u015bciele Ojc\u00f3w Augustian\u00f3w dla dzieci spoza Polskiej Szko\u0142y), ale do I komunii \u015bwi\u0119tej przyst\u0119puje w swojej rodzinnej parafii w Polsce. Przedstawia wtedy proboszczowi w Polsce za\u015bwiadczenie o odbytym tutaj w Cork przygotowaniu przez polskich ksi\u0119\u017cy. O ch\u0119ci w\u0142\u0105czenia swojego dziecka do grupy dzieci przyst\u0119puj\u0105cych do I komunii \u015bwi\u0119tej nale\u017cy powiadomi\u0107 ksi\u0119dza proboszcza w Polsce odpowiednio wcze\u015bnie &#8211; najlepiej ju\u017c na pocz\u0105tku roku szkolnego &#8211; i zapyta\u0107, jakie s\u0105 jego wymagania w tej konkretnej sytuacji.<\/li><\/ol>\t\t\t\t\t\t<\/div>\n\t\t\t\t<\/div>\n\t\t\t\t\t<\/div>\n\t\t<\/div>\n\t\t\t\t\t\t\t<\/div>\n\t\t<\/section>\n\t\t\t\t\t\t\t<\/div>\n\t\t","protected":false},"excerpt":{"rendered":"<p>PIERWSZA KOMUNIA \u015aWI\u0118TA &#8222;Ja jestem chlebem \u017cywym, kt\u00f3ry zst\u0105pi\u0142 z nieba. Je\u015bli kto spo\u017cywa ten chleb, b\u0119dzie \u017cy\u0142 na wieki&#8230; Kto spo\u017cywa moje Cia\u0142o i pije moj\u0105 Krew, ma \u017cycie wieczne&#8230; trwa we Mnie, a Ja w nim&#8221; (J 6, 51. 54. 56) Katechizm Ko\u015bcio\u0142a Katolickiego o I Komunii \u015awi\u0119tej&hellip;<\/p>\n","protected":false},"author":1,"featured_media":7598,"parent":0,"menu_order":0,"comment_status":"closed","ping_status":"closed","template":"","meta":{"ngg_post_thumbnail":0,"footnotes":""},"class_list":["post-275","page","type-page","status-publish","has-post-thumbnail","hentry"],"_links":{"self":[{"href":"https:\/\/duszpasterstwopolskiewcork.ie\/index.php\/wp-json\/wp\/v2\/pages\/275","targetHints":{"allow":["GET"]}}],"collection":[{"href":"https:\/\/duszpasterstwopolskiewcork.ie\/index.php\/wp-json\/wp\/v2\/pages"}],"about":[{"href":"https:\/\/duszpasterstwopolskiewcork.ie\/index.php\/wp-json\/wp\/v2\/types\/page"}],"author":[{"embeddable":true,"href":"https:\/\/duszpasterstwopolskiewcork.ie\/index.php\/wp-json\/wp\/v2\/users\/1"}],"replies":[{"embeddable":true,"href":"https:\/\/duszpasterstwopolskiewcork.ie\/index.php\/wp-json\/wp\/v2\/comments?post=275"}],"version-history":[{"count":22,"href":"https:\/\/duszpasterstwopolskiewcork.ie\/index.php\/wp-json\/wp\/v2\/pages\/275\/revisions"}],"predecessor-version":[{"id":7604,"href":"https:\/\/duszpasterstwopolskiewcork.ie\/index.php\/wp-json\/wp\/v2\/pages\/275\/revisions\/7604"}],"wp:featuredmedia":[{"embeddable":true,"href":"https:\/\/duszpasterstwopolskiewcork.ie\/index.php\/wp-json\/wp\/v2\/media\/7598"}],"wp:attachment":[{"href":"https:\/\/duszpasterstwopolskiewcork.ie\/index.php\/wp-json\/wp\/v2\/media?parent=275"}],"curies":[{"name":"wp","href":"https:\/\/api.w.org\/{rel}","templated":true}]}}

I Komunia Święta

<div data-elementor-type="wp-page" data-elementor-id="275" class="elementor elementor-275">
									<section class="elementor-section elementor-top-section elementor-element elementor-element-f6eef3f elementor-section-boxed elementor-section-height-default elementor-section-height-default" data-id="f6eef3f" data-element_type="section">
						<div class="elementor-container elementor-column-gap-default">
					<div class="elementor-column elementor-col-100 elementor-top-column elementor-element elementor-element-cf5b9e3" data-id="cf5b9e3" data-element_type="column">
			<div class="elementor-widget-wrap elementor-element-populated">
								<div class="elementor-element elementor-element-ea8a272 elementor-widget elementor-widget-heading" data-id="ea8a272" data-element_type="widget" data-widget_type="heading.default">
				<div class="elementor-widget-container">
			<h2 class="elementor-heading-title elementor-size-default">PIERWSZA KOMUNIA ŚWIĘTA</h2>		</div>
				</div>
					</div>
		</div>
							</div>
		</section>
				<section class="elementor-section elementor-top-section elementor-element elementor-element-03c91cf elementor-section-boxed elementor-section-height-default elementor-section-height-default" data-id="03c91cf" data-element_type="section">
						<div class="elementor-container elementor-column-gap-default">
					<div class="elementor-column elementor-col-100 elementor-top-column elementor-element elementor-element-81389df" data-id="81389df" data-element_type="column">
			<div class="elementor-widget-wrap elementor-element-populated">
								<div class="elementor-element elementor-element-d402dcb elementor-widget elementor-widget-text-editor" data-id="d402dcb" data-element_type="widget" data-widget_type="text-editor.default">
				<div class="elementor-widget-container">
							<p>&#8222;Ja jestem chlebem żywym, który zstąpił z nieba. Jeśli kto spożywa ten chleb, będzie żył na wieki&#8230; Kto spożywa moje Ciało i pije moją Krew, ma życie wieczne&#8230; trwa we Mnie, a Ja w nim&#8221; (J 6, 51. 54. 56)</p><p><strong>Katechizm Kościoła Katolickiego o I Komunii Świętej (KKK 1392):<br /></strong>Komunia święta w przedziwny sposób dokonuje w naszym życiu duchowym tego, czego pokarm materialny w życiu cielesnym. Przyjmowanie w Komunii Ciała Chrystusa Zmartwychwstałego, &#8222;ożywionego i ożywiającego Duchem Świętym&#8221; (Sobór Watykański II, dekret Presbyterorum ordinis, 5) podtrzymuje, pogłębia i odnawia życie łaski otrzymane na chrzcie. Wzrost życia chrześcijańskiego potrzebuje pokarmu Komunii eucharystycznej, Chleba naszej pielgrzymki, aż do chwili śmierci, gdy zostanie nam udzielony jako Wiatyk.</p>						</div>
				</div>
					</div>
		</div>
							</div>
		</section>
				<section class="elementor-section elementor-top-section elementor-element elementor-element-4acd920 elementor-section-boxed elementor-section-height-default elementor-section-height-default" data-id="4acd920" data-element_type="section">
						<div class="elementor-container elementor-column-gap-default">
					<div class="elementor-column elementor-col-100 elementor-top-column elementor-element elementor-element-5edb323" data-id="5edb323" data-element_type="column">
			<div class="elementor-widget-wrap elementor-element-populated">
								<div class="elementor-element elementor-element-d9f5ddf elementor-widget-divider--view-line elementor-widget elementor-widget-divider" data-id="d9f5ddf" data-element_type="widget" data-widget_type="divider.default">
				<div class="elementor-widget-container">
					<div class="elementor-divider">
			<span class="elementor-divider-separator">
						</span>
		</div>
				</div>
				</div>
					</div>
		</div>
							</div>
		</section>
				<section class="elementor-section elementor-top-section elementor-element elementor-element-6041119 elementor-section-boxed elementor-section-height-default elementor-section-height-default" data-id="6041119" data-element_type="section">
						<div class="elementor-container elementor-column-gap-default">
					<div class="elementor-column elementor-col-100 elementor-top-column elementor-element elementor-element-6166ade" data-id="6166ade" data-element_type="column">
			<div class="elementor-widget-wrap elementor-element-populated">
								<div class="elementor-element elementor-element-e37d316 elementor-widget elementor-widget-text-editor" data-id="e37d316" data-element_type="widget" data-widget_type="text-editor.default">
				<div class="elementor-widget-container">
							<p>Rodzice polskich dzieci w wieku komunijnym mają do wyboru kilka opcji:</p><ol><li>dziecko uczestniczy w przygotowaniu w swojej szkole irlandzkiej i wraz ze swoimi rówieśnikami przystępuje do I komunii świętej podczas uroczystości w irlandzkiej parafii</li><li>dziecko uczestniczy w przygotowaniu w swojej szkole irlandzkiej, uczęszcza także na katechezy w języku polskim (prowadzone w Polskiej Szkole od stycznia do kwietnia dla dzieci z Polskiej Szkoły oraz przy kościele Ojców Augustianów dla dzieci spoza Polskiej Szkoły), a następnie przystępuje do I spowiedzi i I komunii świętej podczas uroczystości zorganizowanej przy Duszpasterstwie Polskim w Cork &#8211; przeważnie w pierwszą niedzielę maja</li><li>dziecko uczestniczy w przygotowaniu w swojej szkole irlandzkiej, uczęszcza także na katechezy w języku polskim (prowadzone w Polskiej Szkole od stycznia do kwietnia dla dzieci z Polskiej Szkoły oraz przy kościele Ojców Augustianów dla dzieci spoza Polskiej Szkoły), ale do I komunii świętej przystępuje w swojej rodzinnej parafii w Polsce. Przedstawia wtedy proboszczowi w Polsce zaświadczenie o odbytym tutaj w Cork przygotowaniu przez polskich księży. O chęci włączenia swojego dziecka do grupy dzieci przystępujących do I komunii świętej należy powiadomić księdza proboszcza w Polsce odpowiednio wcześnie &#8211; najlepiej już na początku roku szkolnego &#8211; i zapytać, jakie są jego wymagania w tej konkretnej sytuacji.</li></ol>						</div>
				</div>
					</div>
		</div>
							</div>
		</section>
							</div>

<p>PIERWSZA KOMUNIA ŚWIĘTA &#8222;Ja jestem chlebem żywym, który zstąpił z nieba. Jeśli kto spożywa ten chleb, będzie żył na wieki&#8230; Kto spożywa moje Ciało i pije moją Krew, ma życie wieczne&#8230; trwa we Mnie, a Ja w nim&#8221; (J 6, 51. 54. 56) Katechizm Kościoła Katolickiego o I Komunii Świętej&hellip;</p>
