{"id":295,"date":"2021-06-16T21:32:47","date_gmt":"2021-06-16T19:32:47","guid":{"rendered":"http:\/\/duszpasterstwopolskiewcork.ie\/?page_id=295"},"modified":"2026-05-01T20:17:22","modified_gmt":"2026-05-01T18:17:22","slug":"roza-rozancowa","status":"publish","type":"page","link":"https:\/\/duszpasterstwopolskiewcork.ie\/index.php\/roza-rozancowa\/","title":{"rendered":"R\u00f3\u017ca R\u00f3\u017ca\u0144cowa"},"content":{"rendered":"\t\t<div data-elementor-type=\"wp-page\" data-elementor-id=\"295\" class=\"elementor elementor-295\">\n\t\t\t\t\t\t\t\t\t<section class=\"elementor-section elementor-top-section elementor-element elementor-element-e7f1998 elementor-section-boxed elementor-section-height-default elementor-section-height-default\" data-id=\"e7f1998\" data-element_type=\"section\">\n\t\t\t\t\t\t<div class=\"elementor-container elementor-column-gap-default\">\n\t\t\t\t\t<div class=\"elementor-column elementor-col-100 elementor-top-column elementor-element elementor-element-e55f8e1\" data-id=\"e55f8e1\" data-element_type=\"column\">\n\t\t\t<div class=\"elementor-widget-wrap elementor-element-populated\">\n\t\t\t\t\t\t\t\t<div class=\"elementor-element elementor-element-72f7a2f elementor-widget elementor-widget-heading\" data-id=\"72f7a2f\" data-element_type=\"widget\" data-widget_type=\"heading.default\">\n\t\t\t\t<div class=\"elementor-widget-container\">\n\t\t\t<h2 class=\"elementor-heading-title elementor-size-default\">R\u00d3\u017bE R\u00d3\u017bA\u0143COWE<\/h2>\t\t<\/div>\n\t\t\t\t<\/div>\n\t\t\t\t\t<\/div>\n\t\t<\/div>\n\t\t\t\t\t\t\t<\/div>\n\t\t<\/section>\n\t\t\t\t<section class=\"elementor-section elementor-top-section elementor-element elementor-element-74451ee elementor-section-boxed elementor-section-height-default elementor-section-height-default\" data-id=\"74451ee\" data-element_type=\"section\">\n\t\t\t\t\t\t<div class=\"elementor-container elementor-column-gap-default\">\n\t\t\t\t\t<div class=\"elementor-column elementor-col-100 elementor-top-column elementor-element elementor-element-f6cdc48\" data-id=\"f6cdc48\" data-element_type=\"column\">\n\t\t\t<div class=\"elementor-widget-wrap elementor-element-populated\">\n\t\t\t\t\t\t\t\t<div class=\"elementor-element elementor-element-8e6ea2a elementor-widget elementor-widget-image\" data-id=\"8e6ea2a\" data-element_type=\"widget\" data-widget_type=\"image.default\">\n\t\t\t\t<div class=\"elementor-widget-container\">\n\t\t\t\t\t\t\t\t\t\t\t\t\t\t\t<img loading=\"lazy\" decoding=\"async\" width=\"274\" height=\"184\" src=\"https:\/\/duszpasterstwopolskiewcork.ie\/wp-content\/uploads\/2024\/09\/Rozaniec.jpg\" class=\"attachment-large size-large wp-image-7424\" alt=\"\" \/>\t\t\t\t\t\t\t\t\t\t\t\t\t\t\t<\/div>\n\t\t\t\t<\/div>\n\t\t\t\t\t<\/div>\n\t\t<\/div>\n\t\t\t\t\t\t\t<\/div>\n\t\t<\/section>\n\t\t\t\t<section class=\"elementor-section elementor-top-section elementor-element elementor-element-a04baaf elementor-section-boxed elementor-section-height-default elementor-section-height-default\" data-id=\"a04baaf\" data-element_type=\"section\">\n\t\t\t\t\t\t<div class=\"elementor-container elementor-column-gap-default\">\n\t\t\t\t\t<div class=\"elementor-column elementor-col-100 elementor-top-column elementor-element elementor-element-91cf013\" data-id=\"91cf013\" data-element_type=\"column\">\n\t\t\t<div class=\"elementor-widget-wrap elementor-element-populated\">\n\t\t\t\t\t\t\t\t<div class=\"elementor-element elementor-element-c673914 elementor-widget elementor-widget-text-editor\" data-id=\"c673914\" data-element_type=\"widget\" data-widget_type=\"text-editor.default\">\n\t\t\t\t<div class=\"elementor-widget-container\">\n\t\t\t\t\t\t\t<p>R\u00f3\u017ca R\u00f3\u017ca\u0144cowa jest <b>modlitewn\u0105 wsp\u00f3lnot\u0105 20 os\u00f3b, z kt\u00f3rych ka\u017cda codziennie modli si\u0119 jedn\u0105 dziesi\u0105tk\u0105 R\u00f3\u017ca\u0144ca \u015awi\u0119tego, wed\u0142ug przydzielonej tajemnicy<\/b> \u2013 w ten spos\u00f3b codziennie odmawiany jest ca\u0142y r\u00f3\u017caniec. Istotne jest to, \u017ce wszyscy cz\u0142onkowie R\u00f3\u017cy modl\u0105 si\u0119 w tej samej intencji, zmienianej co miesi\u0105c.<\/p>\n<p>Zmiana tajemnic r\u00f3\u017ca\u0144cowych odbywa si\u0119 w pierwsz\u0105 niedziel\u0119 miesi\u0105ca po porannej Mszy \u015awi\u0119tej.<\/p>\n<p>Obecnie przy Duszpasterstwie Polskim w Cork funkcjonuj\u0105 2 R\u00f3\u017ce R\u00f3\u017ca\u0144cowe.<\/p>\n<p><strong>Zelator:<\/strong> Krzysztof, tel. 087 065 1532<br><strong>Opieka:<\/strong> ks. Rafa\u0142<\/p>\t\t\t\t\t\t<\/div>\n\t\t\t\t<\/div>\n\t\t\t\t\t<\/div>\n\t\t<\/div>\n\t\t\t\t\t\t\t<\/div>\n\t\t<\/section>\n\t\t\t\t\t\t\t<\/div>\n\t\t","protected":false},"excerpt":{"rendered":"<p>R\u00d3\u017bE R\u00d3\u017bA\u0143COWE R\u00f3\u017ca R\u00f3\u017ca\u0144cowa jest modlitewn\u0105 wsp\u00f3lnot\u0105 20 os\u00f3b, z kt\u00f3rych ka\u017cda codziennie modli si\u0119 jedn\u0105 dziesi\u0105tk\u0105 R\u00f3\u017ca\u0144ca \u015awi\u0119tego, wed\u0142ug przydzielonej tajemnicy \u2013 w ten spos\u00f3b codziennie odmawiany jest ca\u0142y r\u00f3\u017caniec. Istotne jest to, \u017ce wszyscy cz\u0142onkowie R\u00f3\u017cy modl\u0105 si\u0119 w tej samej intencji, zmienianej co miesi\u0105c. Zmiana tajemnic r\u00f3\u017ca\u0144cowych&hellip;<\/p>\n","protected":false},"author":1,"featured_media":0,"parent":0,"menu_order":0,"comment_status":"closed","ping_status":"closed","template":"","meta":{"ngg_post_thumbnail":0,"footnotes":""},"class_list":["post-295","page","type-page","status-publish","hentry"],"_links":{"self":[{"href":"https:\/\/duszpasterstwopolskiewcork.ie\/index.php\/wp-json\/wp\/v2\/pages\/295","targetHints":{"allow":["GET"]}}],"collection":[{"href":"https:\/\/duszpasterstwopolskiewcork.ie\/index.php\/wp-json\/wp\/v2\/pages"}],"about":[{"href":"https:\/\/duszpasterstwopolskiewcork.ie\/index.php\/wp-json\/wp\/v2\/types\/page"}],"author":[{"embeddable":true,"href":"https:\/\/duszpasterstwopolskiewcork.ie\/index.php\/wp-json\/wp\/v2\/users\/1"}],"replies":[{"embeddable":true,"href":"https:\/\/duszpasterstwopolskiewcork.ie\/index.php\/wp-json\/wp\/v2\/comments?post=295"}],"version-history":[{"count":10,"href":"https:\/\/duszpasterstwopolskiewcork.ie\/index.php\/wp-json\/wp\/v2\/pages\/295\/revisions"}],"predecessor-version":[{"id":11396,"href":"https:\/\/duszpasterstwopolskiewcork.ie\/index.php\/wp-json\/wp\/v2\/pages\/295\/revisions\/11396"}],"wp:attachment":[{"href":"https:\/\/duszpasterstwopolskiewcork.ie\/index.php\/wp-json\/wp\/v2\/media?parent=295"}],"curies":[{"name":"wp","href":"https:\/\/api.w.org\/{rel}","templated":true}]}}